{"id":978,"date":"2026-03-19T21:51:20","date_gmt":"2026-03-19T20:51:20","guid":{"rendered":"https:\/\/mm-mietwerkzeug.de\/?post_type=product&#038;p=978"},"modified":"2026-03-19T22:52:56","modified_gmt":"2026-03-19T21:52:56","slug":"fb-50v-mauernut-wandschlitzfraese","status":"publish","type":"product","link":"https:\/\/mm-mietwerkzeug.de\/?product=fb-50v-mauernut-wandschlitzfraese","title":{"rendered":"FB 50V Mauernut-\/ Wandschlitzfr\u00e4se"},"content":{"rendered":"<p><strong>Wandschlitzfr\u00e4se FB 50V \u2013 Effiziente L\u00f6sung f\u00fcr pr\u00e4zise Kabel- und Rohrverlegungen<\/strong><\/p>\n<p><strong>Aufbau und Funktionsweise<\/strong><br \/>\nDie Wandschlitzfr\u00e4se FB 50V ist mit zwei parallel montierten Trennscheiben ausgestattet. Der Abstand zwischen den Scheiben kann einfach eingestellt werden, um die Breite des Schlitzes zu variieren. Dieses Ger\u00e4t ist leistungsstark und kann sowohl durch Beton, Mauerwerk als auch durch Ziegel schneiden. Es verf\u00fcgt \u00fcber starke Motoren, um den hohen Widerstand beim Schneiden harter Materialien zu \u00fcberwinden.<\/p>\n<p><strong>Vorteile<\/strong><\/p>\n<ul>\n<li>Kein Herausnehmen der Diamant-Trennscheiben mehr n\u00f6tig<\/li>\n<li>Innerhalb von Sekunden auf jedes gew\u00fcnschte Ma\u00df einstellbar<\/li>\n<li>Exakte Schnittbreite mit einem Handgriff justiert<\/li>\n<li>Schnelle und bequeme Wahl der gew\u00fcnschten Schlitztiefe<\/li>\n<li>Durchdachte Ergonomie f\u00fcr komfortableres und sicheres Arbeiten<\/li>\n<li>Leistungsstarkes Ger\u00e4t mit gen\u00fcgend Reserven f\u00fcr h\u00f6chste Anforderungen, wie Mauerwerk und armierter Beton<\/li>\n<\/ul>\n<p><strong>Technische Daten:<\/strong><\/p>\n<p>Nennaufnahmeleistung: 2300 Watt<br \/>\nLeerlaufdrehzahl: 6500 U\/min<br \/>\nNenndrehzahl: 4500 U\/min<br \/>\nSchlitzbreite: 15 &#8211; 44 mm<br \/>\nNut-\/ Schlitztiefe: bis 0 &#8211; 60 mm<br \/>\nDiamanttrennscheibe: 180mm\/30.0<\/p>\n","protected":false},"excerpt":{"rendered":"<p>Wandschlitzfr\u00e4se FB 50V \u2013 Effiziente L\u00f6sung f\u00fcr pr\u00e4zise Kabel- und Rohrverlegungen Aufbau und Funktionsweise Die Wandschlitzfr\u00e4se FB 50V ist mit zwei parallel montierten Trennscheiben ausgestattet. Der Abstand zwischen den Scheiben kann einfach eingestellt werden, um die Breite des Schlitzes zu variieren. Dieses Ger\u00e4t ist leistungsstark und kann sowohl durch Beton, Mauerwerk als auch durch Ziegel [&hellip;]<\/p>\n","protected":false},"featured_media":979,"template":"","meta":[],"product_brand":[],"product_cat":[19,116,24,21],"product_tag":[],"mwb_booking_people":[],"mwb_booking_cost":[],"mwb_booking_service":[17,77,129],"class_list":{"0":"post-978","1":"product","2":"type-product","3":"status-publish","4":"has-post-thumbnail","6":"product_cat-booking","7":"product_cat-pressen-und-schneiden","8":"product_cat-saegen-trennen-schleifen","9":"product_cat-vermieten","10":"mwb_booking_service-reinigungspauschale-kleingeraet","11":"mwb_booking_service-servicepauschale-klein-ausgabe-ruecknahme-funktionstest","12":"mwb_booking_service-trennscheiben-2x-beton-180mm-je-angefangene-1mm-abnutzung","14":"first","15":"instock","16":"virtual","17":"taxable","18":"purchasable","19":"product-type-mwb_booking"},"_links":{"self":[{"href":"https:\/\/mm-mietwerkzeug.de\/index.php?rest_route=\/wp\/v2\/product\/978","targetHints":{"allow":["GET"]}}],"collection":[{"href":"https:\/\/mm-mietwerkzeug.de\/index.php?rest_route=\/wp\/v2\/product"}],"about":[{"href":"https:\/\/mm-mietwerkzeug.de\/index.php?rest_route=\/wp\/v2\/types\/product"}],"wp:featuredmedia":[{"embeddable":true,"href":"https:\/\/mm-mietwerkzeug.de\/index.php?rest_route=\/wp\/v2\/media\/979"}],"wp:attachment":[{"href":"https:\/\/mm-mietwerkzeug.de\/index.php?rest_route=%2Fwp%2Fv2%2Fmedia&parent=978"}],"wp:term":[{"taxonomy":"product_brand","embeddable":true,"href":"https:\/\/mm-mietwerkzeug.de\/index.php?rest_route=%2Fwp%2Fv2%2Fproduct_brand&post=978"},{"taxonomy":"product_cat","embeddable":true,"href":"https:\/\/mm-mietwerkzeug.de\/index.php?rest_route=%2Fwp%2Fv2%2Fproduct_cat&post=978"},{"taxonomy":"product_tag","embeddable":true,"href":"https:\/\/mm-mietwerkzeug.de\/index.php?rest_route=%2Fwp%2Fv2%2Fproduct_tag&post=978"},{"taxonomy":"mwb_booking_people","embeddable":true,"href":"https:\/\/mm-mietwerkzeug.de\/index.php?rest_route=%2Fwp%2Fv2%2Fmwb_booking_people&post=978"},{"taxonomy":"mwb_booking_cost","embeddable":true,"href":"https:\/\/mm-mietwerkzeug.de\/index.php?rest_route=%2Fwp%2Fv2%2Fmwb_booking_cost&post=978"},{"taxonomy":"mwb_booking_service","embeddable":true,"href":"https:\/\/mm-mietwerkzeug.de\/index.php?rest_route=%2Fwp%2Fv2%2Fmwb_booking_service&post=978"}],"curies":[{"name":"wp","href":"https:\/\/api.w.org\/{rel}","templated":true}]}}