{"id":954,"date":"2026-03-08T10:36:36","date_gmt":"2026-03-08T09:36:36","guid":{"rendered":"https:\/\/mm-mietwerkzeug.de\/?post_type=product&#038;p=954"},"modified":"2026-03-08T10:49:31","modified_gmt":"2026-03-08T09:49:31","slug":"zipper-zi-rpe60c-ruettelplatte","status":"publish","type":"product","link":"https:\/\/mm-mietwerkzeug.de\/?product=zipper-zi-rpe60c-ruettelplatte","title":{"rendered":"Zipper ZI-RPE60C R\u00fcttelplatte"},"content":{"rendered":"<p><strong>Technische Details<\/strong><\/p>\n<ul>\n<li>Die vorw\u00e4rts laufende Vibrationsplatte ist besonders geeignet f\u00fcr Pflaster- und Ausbesserungsarbeiten im Wege-, Garten- und Landschaftsbau<\/li>\n<li>Handgriff einklappbar \u2013 kompakte Gr\u00f6\u00dfe f\u00fcr Transport und Lagerung<\/li>\n<li>Ausgestattet mit allseitig gesch\u00fctztem Keilriemen,\u00a0Tragegriffen und seitlich geschlossener Grundplatte<\/li>\n<li>(optional) transparente Gummimatte f\u00fcr Pflasterarbeiten<\/li>\n<\/ul>\n<div class=\"row groupRow\">\n<div class=\"zusatzInfo\">\n<div class=\"col-sm-6 col-xs-6\">\n<div class=\"border-bottom-dotted\"><strong>Motordaten<\/strong><\/div>\n<\/div>\n<div class=\"clearfix\">Motorleistung S1 in W: 4100<\/div>\n<\/div>\n<\/div>\n<div class=\"row\">\n<div class=\"zusatzInfo\">\n<div class=\"clearfix\">Motortyp: 1-Zylinder 4-Takt OHV Motor<\/div>\n<\/div>\n<\/div>\n<div class=\"row\">\n<div class=\"zusatzInfo\">\n<div class=\"clearfix\">Tank-Kapazit\u00e4t in l: 3.6<\/div>\n<\/div>\n<\/div>\n<div class=\"row\">\n<div class=\"zusatzInfo\">\n<div class=\"clearfix\">Kraftstoff: ROZ95<\/p>\n<\/div>\n<\/div>\n<\/div>\n<div class=\"row\">\n<div class=\"zusatzInfo\">\n<div class=\"clearfix\"><\/div>\n<\/div>\n<\/div>\n<div class=\"row groupRow\">\n<div class=\"zusatzInfo\">\n<div class=\"col-sm-6 col-xs-6\">\n<div class=\"border-bottom-dotted\"><strong>R\u00fcttelplatte<\/strong><\/div>\n<\/div>\n<div class=\"clearfix\">Zentrifugalkraft in kN: 10.5<\/div>\n<\/div>\n<\/div>\n<div class=\"row\">\n<div class=\"zusatzInfo\">\n<div class=\"clearfix\">Plattenbreite in mm: 360<\/div>\n<\/div>\n<\/div>\n<div class=\"row\">\n<div class=\"zusatzInfo\">\n<div class=\"clearfix\">Vibrationsst\u00f6\u00dfe in vpm: 5600<\/div>\n<\/div>\n<\/div>\n<div class=\"row\">\n<div class=\"zusatzInfo\">\n<div class=\"clearfix\">max. Vorschub in m\/min: 20<\/div>\n<\/div>\n<\/div>\n<div class=\"row\">\n<div class=\"zusatzInfo\">\n<div class=\"clearfix\">Plattenl\u00e4nge in mm: 430<\/div>\n<\/div>\n<\/div>\n<div class=\"row\">\n<div class=\"zusatzInfo\">\n<div class=\"clearfix\">Verdichtungstiefe in mm: 200<\/p>\n<\/div>\n<\/div>\n<\/div>\n<div class=\"row\">\n<div class=\"zusatzInfo\">\n<div class=\"clearfix\"><\/div>\n<\/div>\n<\/div>\n<div class=\"row groupRow\">\n<div class=\"zusatzInfo\">\n<div class=\"col-sm-6 col-xs-6\">\n<div class=\"border-bottom-dotted\"><strong>Lautst\u00e4rke und Vibrationen:<\/strong><\/div>\n<\/div>\n<div class=\"clearfix\">Schall-Leistungspegel in dB(A): 108<\/p>\n<\/div>\n<\/div>\n<\/div>\n<div class=\"row\">\n<div class=\"zusatzInfo\">\n<div class=\"clearfix\"><\/div>\n<\/div>\n<\/div>\n<div class=\"row groupRow\">\n<div class=\"zusatzInfo\">\n<div class=\"col-sm-6 col-xs-6\">\n<div class=\"border-bottom-dotted\"><strong>Gewicht<\/strong><\/div>\n<\/div>\n<\/div>\n<\/div>\n<div class=\"row\">\n<div class=\"zusatzInfo\">\n<div class=\"col-sm-6 col-xs-6\">\n<div class=\"border-bottom-dotted\">Bruttogewicht in kg: 71<\/div>\n<\/div>\n<div class=\"clearfix\">Nettogewicht in kg: 64<\/div>\n<\/div>\n<\/div>\n","protected":false},"excerpt":{"rendered":"<p><strong>Abholung und R\u00fcckgabe der Mietsache:<\/strong><br \/>\nAbholung am ersten Tag der ausgew\u00e4hlten Mietzeit ab 14:00 bis 17:00 Uhr<br \/>\nR\u00fcckgabe bis sp\u00e4testens 17:00 Uhr am letzten Tag der Mietzeit<\/p>\n","protected":false},"featured_media":956,"template":"","meta":[],"product_brand":[],"product_cat":[19,41,21],"product_tag":[],"mwb_booking_people":[],"mwb_booking_cost":[],"mwb_booking_service":[126,17,77,125],"class_list":{"0":"post-954","1":"product","2":"type-product","3":"status-publish","4":"has-post-thumbnail","6":"product_cat-booking","7":"product_cat-verdichten","8":"product_cat-vermieten","9":"mwb_booking_service-gummimatte-fuer-pflasterarbeiten","10":"mwb_booking_service-reinigungspauschale-kleingeraet","11":"mwb_booking_service-servicepauschale-klein-ausgabe-ruecknahme-funktionstest","12":"mwb_booking_service-tankfuellung-benzin-e10-ruettelplatte","14":"first","15":"instock","16":"virtual","17":"taxable","18":"purchasable","19":"product-type-mwb_booking"},"_links":{"self":[{"href":"https:\/\/mm-mietwerkzeug.de\/index.php?rest_route=\/wp\/v2\/product\/954","targetHints":{"allow":["GET"]}}],"collection":[{"href":"https:\/\/mm-mietwerkzeug.de\/index.php?rest_route=\/wp\/v2\/product"}],"about":[{"href":"https:\/\/mm-mietwerkzeug.de\/index.php?rest_route=\/wp\/v2\/types\/product"}],"wp:featuredmedia":[{"embeddable":true,"href":"https:\/\/mm-mietwerkzeug.de\/index.php?rest_route=\/wp\/v2\/media\/956"}],"wp:attachment":[{"href":"https:\/\/mm-mietwerkzeug.de\/index.php?rest_route=%2Fwp%2Fv2%2Fmedia&parent=954"}],"wp:term":[{"taxonomy":"product_brand","embeddable":true,"href":"https:\/\/mm-mietwerkzeug.de\/index.php?rest_route=%2Fwp%2Fv2%2Fproduct_brand&post=954"},{"taxonomy":"product_cat","embeddable":true,"href":"https:\/\/mm-mietwerkzeug.de\/index.php?rest_route=%2Fwp%2Fv2%2Fproduct_cat&post=954"},{"taxonomy":"product_tag","embeddable":true,"href":"https:\/\/mm-mietwerkzeug.de\/index.php?rest_route=%2Fwp%2Fv2%2Fproduct_tag&post=954"},{"taxonomy":"mwb_booking_people","embeddable":true,"href":"https:\/\/mm-mietwerkzeug.de\/index.php?rest_route=%2Fwp%2Fv2%2Fmwb_booking_people&post=954"},{"taxonomy":"mwb_booking_cost","embeddable":true,"href":"https:\/\/mm-mietwerkzeug.de\/index.php?rest_route=%2Fwp%2Fv2%2Fmwb_booking_cost&post=954"},{"taxonomy":"mwb_booking_service","embeddable":true,"href":"https:\/\/mm-mietwerkzeug.de\/index.php?rest_route=%2Fwp%2Fv2%2Fmwb_booking_service&post=954"}],"curies":[{"name":"wp","href":"https:\/\/api.w.org\/{rel}","templated":true}]}}