{"id":922,"date":"2025-09-26T10:28:03","date_gmt":"2025-09-26T08:28:03","guid":{"rendered":"https:\/\/mm-mietwerkzeug.de\/?post_type=product&#038;p=922"},"modified":"2025-09-27T13:10:46","modified_gmt":"2025-09-27T11:10:46","slug":"stihl-ms-271-benzin-kettensaege-40cm","status":"publish","type":"product","link":"https:\/\/mm-mietwerkzeug.de\/?product=stihl-ms-271-benzin-kettensaege-40cm","title":{"rendered":"STIHL MS 271 Benzin-Kettens\u00e4ge 40cm"},"content":{"rendered":"<p><strong>Technische Details<\/strong><\/p>\n<ul>\n<li>Hubraum: 50.2 cm\u00b3<\/li>\n<li>Leistung: 2.60 kW<\/li>\n<li>Leistung: 3.50 PS<\/li>\n<li>40cm F\u00fchrungsschiene<\/li>\n<li>CO2: 717 g\/kWh<\/li>\n<li>Ger\u00e4tegewicht: unbetankt 5.6 kg (ohne F\u00fchrungsschiene und S\u00e4gekette ohne F\u00fchrungsschiene und S\u00e4gekette<\/li>\n<\/ul>\n<p><strong>Der Kettens\u00e4ge wird vollgetankt und mit frisch gesch\u00e4rfter Kette \u00fcbergeben.<\/strong><\/p>\n<p>STIHL 2-Mix-Motor<br \/>\nBESONDERS LEISTUNGSEFFIZENT. Mit dem STIHL 2-Mix-Motor reduzieren Sie die Abgasbelastung sowie den Verbrauch und damit die Betriebskosten. Dieser 2-Takt-Motor ist wartungsarm gebaut und nutzt den Kraftstoff auch bei hohen Leistungen effizient. Als Kraftstoff verwenden Sie ein Gemisch aus Benzin und Motor\u00f6l. Der STIHL 2-Mix-Motor erf\u00fcllt die strenge EU-Abgasrichtlinie Stufe V.<\/p>\n<p><strong>KOMBIHEBEL\u00a0 MIT STOPP-FUNKTION<\/strong><br \/>\nVEREINFACHT DIE BEDIENUNG. Es ist nur noch eine Startposition am Kombihebel n\u00f6tig. Nach dem Abschalten springt der Bedienhebel dank Stopp-Funktion selbstst\u00e4ndig in die Betriebsposition zur\u00fcck. Die warme Maschine kann dadurch direkt wieder neu gestartet werden.<\/p>\n<p><strong>WERKZEUGLOSER TANKVERSCHLUSS<\/strong><br \/>\nSCHNELL UND EINFACH ZU BEDIENEN. Dank des werkzeuglosen Tankverschlusses \u00f6ffnen und schlie\u00dfen Sie \u00d6l- und Kraftstofftank dank Bajonett-Verschluss mit nur wenigen Handgriffen.<\/p>\n<p><strong>STIHL ANTIVIBRATIONSSYSTEM<\/strong><br \/>\nF\u00dcR EIN ANGENEHMERES ARBEITEN. Bei der Kraftentfaltung Ihres Ger\u00e4ts entstehen Vibrationen, die sich vor allem im Griffbereich bemerkbar machen. Die Puffer- und Federelemente des STIHL Antivibrationssystems reduzieren die \u00dcbertragung der Motorschwingungen auf den Griffbereich und damit auf Ihren K\u00f6rper. Der Effekt: Ihr Ger\u00e4t liegt ruhiger in der Hand und Sie k\u00f6nnen wesentlich erm\u00fcdungs\u00e4rmer arbeiten.<\/p>\n","protected":false},"excerpt":{"rendered":"<p><strong>Abholung und R\u00fcckgabe der Mietsache:<\/strong><br \/>\nAbholung am ersten Tag der ausgew\u00e4hlten Mietzeit ab 14:00 bis 17:00 Uhr<br \/>\nR\u00fcckgabe bis sp\u00e4testens 17:00 Uhr am letzten Tag der Mietzeit<\/p>\n","protected":false},"featured_media":923,"template":"","meta":[],"product_brand":[],"product_cat":[19,84,21],"product_tag":[],"mwb_booking_people":[],"mwb_booking_cost":[],"mwb_booking_service":[17,77,115],"class_list":{"0":"post-922","1":"product","2":"type-product","3":"status-publish","4":"has-post-thumbnail","6":"product_cat-booking","7":"product_cat-garten-und-landschaftsbau","8":"product_cat-vermieten","9":"mwb_booking_service-reinigungspauschale-kleingeraet","10":"mwb_booking_service-servicepauschale-klein-ausgabe-ruecknahme-funktionstest","11":"mwb_booking_service-tankfuellung-aspen-2-kleingeraet","13":"first","14":"instock","15":"virtual","16":"taxable","17":"purchasable","18":"product-type-mwb_booking"},"_links":{"self":[{"href":"https:\/\/mm-mietwerkzeug.de\/index.php?rest_route=\/wp\/v2\/product\/922","targetHints":{"allow":["GET"]}}],"collection":[{"href":"https:\/\/mm-mietwerkzeug.de\/index.php?rest_route=\/wp\/v2\/product"}],"about":[{"href":"https:\/\/mm-mietwerkzeug.de\/index.php?rest_route=\/wp\/v2\/types\/product"}],"wp:featuredmedia":[{"embeddable":true,"href":"https:\/\/mm-mietwerkzeug.de\/index.php?rest_route=\/wp\/v2\/media\/923"}],"wp:attachment":[{"href":"https:\/\/mm-mietwerkzeug.de\/index.php?rest_route=%2Fwp%2Fv2%2Fmedia&parent=922"}],"wp:term":[{"taxonomy":"product_brand","embeddable":true,"href":"https:\/\/mm-mietwerkzeug.de\/index.php?rest_route=%2Fwp%2Fv2%2Fproduct_brand&post=922"},{"taxonomy":"product_cat","embeddable":true,"href":"https:\/\/mm-mietwerkzeug.de\/index.php?rest_route=%2Fwp%2Fv2%2Fproduct_cat&post=922"},{"taxonomy":"product_tag","embeddable":true,"href":"https:\/\/mm-mietwerkzeug.de\/index.php?rest_route=%2Fwp%2Fv2%2Fproduct_tag&post=922"},{"taxonomy":"mwb_booking_people","embeddable":true,"href":"https:\/\/mm-mietwerkzeug.de\/index.php?rest_route=%2Fwp%2Fv2%2Fmwb_booking_people&post=922"},{"taxonomy":"mwb_booking_cost","embeddable":true,"href":"https:\/\/mm-mietwerkzeug.de\/index.php?rest_route=%2Fwp%2Fv2%2Fmwb_booking_cost&post=922"},{"taxonomy":"mwb_booking_service","embeddable":true,"href":"https:\/\/mm-mietwerkzeug.de\/index.php?rest_route=%2Fwp%2Fv2%2Fmwb_booking_service&post=922"}],"curies":[{"name":"wp","href":"https:\/\/api.w.org\/{rel}","templated":true}]}}