{"id":790,"date":"2025-04-04T14:10:37","date_gmt":"2025-04-04T12:10:37","guid":{"rendered":"https:\/\/mm-mietwerkzeug.de\/?post_type=product&#038;p=790"},"modified":"2025-09-27T13:11:04","modified_gmt":"2025-09-27T11:11:04","slug":"flex-vc-21-l-mc-sicherheitssauger-kl-l","status":"publish","type":"product","link":"https:\/\/mm-mietwerkzeug.de\/?product=flex-vc-21-l-mc-sicherheitssauger-kl-l","title":{"rendered":"FLEX VC 21 L MC Sicherheitssauger Kl. L"},"content":{"rendered":"<p>&#8211; Handlicher und kompakter Sauger, einfach zu handhaben und leicht zu transportieren<br \/>\n&#8211; Die Hochleistungsturbine sorgt f\u00fcr hohe Saugleistung und hohen Unterdruck. Dadurch entsteht ein hervorragendes Absaugergebnis<br \/>\n&#8211; Durch Bet\u00e4tigung der manuellen Filterabreinigung wird das Filterelement durch einen gezielten Luftsto\u00df von abgelagertem Staub befreit<br \/>\n&#8211; F\u00fcllstands\u00fcberwachung, keine St\u00f6rungen beim Aufsaugen von Fl\u00fcssigkeiten durch eingebautes Schwimmerventil<br \/>\n&#8211; Mit Ger\u00e4testeckdose und elektronischer Ein-\/Ausschaltautomatik<br \/>\n&#8211; Ausgestattet mit gro\u00dfen R\u00e4dern und zwei schwenkbaren Lenkrollen<\/p>\n<p>Geeignet f\u00fcr erh\u00f6hte Beanspruchung nach EN 60335-2-69 f\u00fcr professionelle Anwendungen. Optimal f\u00fcr Reinigungsarbeiten in B\u00fcros, Lagerr\u00e4umen, Werkst\u00e4tten und Fahrzeugen. F\u00fcr Absaugarbeiten liegt der Einsatzschwerpunkt bei kleineren Elektrowerkzeugen z.B. Schwing-, Delta-, Exzenterschleifer, Stichs\u00e4gen&#8230; Werkzeuge bei denen es zu geringerem Staubanfall kommt<br \/>\nAusgestattet mit einem Filtersack aus hochrei\u00dffestem Vlies f\u00fcr eine optimale Bef\u00fcllung. Die abgesaugten St\u00e4ube lassen sich problemlos entsorgen<br \/>\nSicherheitssauger Klasse L, geeignet f\u00fcr alle St\u00e4ube mit AGW-Werten &gt; 1 mg\/m\u00b3<\/p>\n<p>Technische Daten:<br \/>\nLeistungsaufnahme 1000 W<br \/>\nSpannung 230 V<br \/>\nFrequenz 50\/60 Hz<br \/>\nVolumenstrom Sauger 3600 l\/min<br \/>\nMax. Unterdruck 21000 Pa<br \/>\nFilterfl\u00e4che 3000 cm\u00b2<br \/>\nBeh\u00e4ltervolumen 20 L<br \/>\nF\u00fcllmenge Fl\u00fcssigkeit 11 L<br \/>\nSaugkraftregelung ohne<br \/>\nSchlauchl\u00e4nge 3,5 m<br \/>\nAnzahl der Saugmotoren 1 St\u00fcck<br \/>\nKabell\u00e4nge 5,0 m<br \/>\nAbmessung LxBxH 430 x 380 x 506 mm<br \/>\nGewicht 7,4 kg<\/p>\n","protected":false},"excerpt":{"rendered":"<p><strong>Abholung und R\u00fcckgabe der Mietsache:<\/strong><br \/>\nAbholung am ersten Tag der ausgew\u00e4hlten Mietzeit ab 14:00 bis 17:00 Uhr<br \/>\nR\u00fcckgabe bis sp\u00e4testens 17:00 Uhr am letzten Tag der Mietzeit<\/p>\n","protected":false},"featured_media":793,"template":"","meta":[],"product_brand":[],"product_cat":[19,85,21],"product_tag":[],"mwb_booking_people":[],"mwb_booking_cost":[],"mwb_booking_service":[17,77],"class_list":{"0":"post-790","1":"product","2":"type-product","3":"status-publish","4":"has-post-thumbnail","6":"product_cat-booking","7":"product_cat-saugen-reinigen-und-saeubern","8":"product_cat-vermieten","9":"mwb_booking_service-reinigungspauschale-kleingeraet","10":"mwb_booking_service-servicepauschale-klein-ausgabe-ruecknahme-funktionstest","12":"first","13":"instock","14":"virtual","15":"taxable","16":"purchasable","17":"product-type-mwb_booking"},"_links":{"self":[{"href":"https:\/\/mm-mietwerkzeug.de\/index.php?rest_route=\/wp\/v2\/product\/790","targetHints":{"allow":["GET"]}}],"collection":[{"href":"https:\/\/mm-mietwerkzeug.de\/index.php?rest_route=\/wp\/v2\/product"}],"about":[{"href":"https:\/\/mm-mietwerkzeug.de\/index.php?rest_route=\/wp\/v2\/types\/product"}],"wp:featuredmedia":[{"embeddable":true,"href":"https:\/\/mm-mietwerkzeug.de\/index.php?rest_route=\/wp\/v2\/media\/793"}],"wp:attachment":[{"href":"https:\/\/mm-mietwerkzeug.de\/index.php?rest_route=%2Fwp%2Fv2%2Fmedia&parent=790"}],"wp:term":[{"taxonomy":"product_brand","embeddable":true,"href":"https:\/\/mm-mietwerkzeug.de\/index.php?rest_route=%2Fwp%2Fv2%2Fproduct_brand&post=790"},{"taxonomy":"product_cat","embeddable":true,"href":"https:\/\/mm-mietwerkzeug.de\/index.php?rest_route=%2Fwp%2Fv2%2Fproduct_cat&post=790"},{"taxonomy":"product_tag","embeddable":true,"href":"https:\/\/mm-mietwerkzeug.de\/index.php?rest_route=%2Fwp%2Fv2%2Fproduct_tag&post=790"},{"taxonomy":"mwb_booking_people","embeddable":true,"href":"https:\/\/mm-mietwerkzeug.de\/index.php?rest_route=%2Fwp%2Fv2%2Fmwb_booking_people&post=790"},{"taxonomy":"mwb_booking_cost","embeddable":true,"href":"https:\/\/mm-mietwerkzeug.de\/index.php?rest_route=%2Fwp%2Fv2%2Fmwb_booking_cost&post=790"},{"taxonomy":"mwb_booking_service","embeddable":true,"href":"https:\/\/mm-mietwerkzeug.de\/index.php?rest_route=%2Fwp%2Fv2%2Fmwb_booking_service&post=790"}],"curies":[{"name":"wp","href":"https:\/\/api.w.org\/{rel}","templated":true}]}}