{"id":645,"date":"2025-03-31T08:16:53","date_gmt":"2025-03-31T06:16:53","guid":{"rendered":"https:\/\/mm-mietwerkzeug.de\/?post_type=product&#038;p=645"},"modified":"2025-09-21T11:34:37","modified_gmt":"2025-09-21T09:34:37","slug":"carat-w-3714-wandsaege","status":"publish","type":"product","link":"https:\/\/mm-mietwerkzeug.de\/?product=carat-w-3714-wandsaege","title":{"rendered":"Carat W-3714 Wands\u00e4ge"},"content":{"rendered":"<p>&#8211; Die Carat Wands\u00e4ge W-3714 ist ideal zum Schneiden von Ziegel- und Betonw\u00e4nden<br \/>\n&#8211; Die Haube schlie\u00dft dicht und minimiert so sch\u00e4dliche Staubpartikel und Wasser in der Luft<br \/>\n&#8211; Millimetergenaue Schnitte in Ziegel und Beton<br \/>\n&#8211; Extreme Schnitttiefe von bis zu 15cm<br \/>\n&#8211; Wird im praktischen Trolley geliefert<br \/>\n&#8211; Die Haube ist mit Gummi beschichtet, wodurch die Maschine den neuesten CE-Zulassungen entspricht<br \/>\n&#8211; Der Gummischutz bietet eine zus\u00e4tzliche Anti-Rutsch-Funktion<br \/>\n&#8211; Die Maschine kann sowohl mit der rechten als auch mit der linken Hand verwendet werden<br \/>\n&#8211; Einstellbare Schnitttiefe und eine breite Sohle sorgen f\u00fcr einen sicheren und stabilen Einsatz <\/p>\n","protected":false},"excerpt":{"rendered":"<p><strong>Abholung und R\u00fcckgabe der Mietsache:<\/strong><br \/>\nAbholung am ersten Tag der ausgew\u00e4hlten Mietzeit ab 14:00 bis 17:00 Uhr<br \/>\nR\u00fcckgabe bis sp\u00e4testens 17:00 Uhr am letzten Tag der Mietzeit<\/p>\n","protected":false},"featured_media":649,"template":"","meta":[],"product_brand":[],"product_cat":[19,24,21],"product_tag":[],"mwb_booking_people":[],"mwb_booking_cost":[],"mwb_booking_service":[17,77,83],"class_list":{"0":"post-645","1":"product","2":"type-product","3":"status-publish","4":"has-post-thumbnail","6":"product_cat-booking","7":"product_cat-saegen-trennen-schleifen","8":"product_cat-vermieten","9":"mwb_booking_service-reinigungspauschale-kleingeraet","10":"mwb_booking_service-servicepauschale-klein-ausgabe-ruecknahme-funktionstest","11":"mwb_booking_service-trennscheibe-carat-beton-370mm-je-1mm-abnutzung","13":"first","14":"instock","15":"virtual","16":"taxable","17":"purchasable","18":"product-type-mwb_booking"},"_links":{"self":[{"href":"https:\/\/mm-mietwerkzeug.de\/index.php?rest_route=\/wp\/v2\/product\/645","targetHints":{"allow":["GET"]}}],"collection":[{"href":"https:\/\/mm-mietwerkzeug.de\/index.php?rest_route=\/wp\/v2\/product"}],"about":[{"href":"https:\/\/mm-mietwerkzeug.de\/index.php?rest_route=\/wp\/v2\/types\/product"}],"wp:featuredmedia":[{"embeddable":true,"href":"https:\/\/mm-mietwerkzeug.de\/index.php?rest_route=\/wp\/v2\/media\/649"}],"wp:attachment":[{"href":"https:\/\/mm-mietwerkzeug.de\/index.php?rest_route=%2Fwp%2Fv2%2Fmedia&parent=645"}],"wp:term":[{"taxonomy":"product_brand","embeddable":true,"href":"https:\/\/mm-mietwerkzeug.de\/index.php?rest_route=%2Fwp%2Fv2%2Fproduct_brand&post=645"},{"taxonomy":"product_cat","embeddable":true,"href":"https:\/\/mm-mietwerkzeug.de\/index.php?rest_route=%2Fwp%2Fv2%2Fproduct_cat&post=645"},{"taxonomy":"product_tag","embeddable":true,"href":"https:\/\/mm-mietwerkzeug.de\/index.php?rest_route=%2Fwp%2Fv2%2Fproduct_tag&post=645"},{"taxonomy":"mwb_booking_people","embeddable":true,"href":"https:\/\/mm-mietwerkzeug.de\/index.php?rest_route=%2Fwp%2Fv2%2Fmwb_booking_people&post=645"},{"taxonomy":"mwb_booking_cost","embeddable":true,"href":"https:\/\/mm-mietwerkzeug.de\/index.php?rest_route=%2Fwp%2Fv2%2Fmwb_booking_cost&post=645"},{"taxonomy":"mwb_booking_service","embeddable":true,"href":"https:\/\/mm-mietwerkzeug.de\/index.php?rest_route=%2Fwp%2Fv2%2Fmwb_booking_service&post=645"}],"curies":[{"name":"wp","href":"https:\/\/api.w.org\/{rel}","templated":true}]}}